9108. Give n(-194).
-16
Let m(s) = 277031*s - 2493255. Calculate m(9).
24
Let j(l) = -600*l**2 + 1194*l - 11. What is j(2)?
-23
Let v(l) = -2*l**3 - 64*l**2 - 9*l - 49. Give v(-10).
-4359
Let i(v) = -v**2 - 147*v - 2339. Give i(-106).
2007
Let s(z) = -2*z**2 + 116*z - 486. Determine s(52).
138
Let w(p) = p**3 + 12*p**2 + 532*p + 4783. Determine w(-9).
238
Let v(w) = 1047*w - 4700. Calculate v(10).
5770
Let v(t) = -2*t**2 - 887*t - 6987. Calculate v(-8).
-19
Let m(y) = 214*y**2 + 4918*y + 15. Give m(-23).
107
Let g(s) = s**3 - 113*s**2 - 424*s + 3. Determine g(-4).
-173
Let i(c) = -8*c**3 + 134*c**2 - 295*c + 19. Determine i(14).
201
Let k(p) = -35*p**2 + 472*p - 910. Give k(2).
-106
Let j(f) = 3644*f + 240518. Determine j(-66).
14
Let l(q) = q**3 + 176*q**2 - 2839*q - 390. Calculate l(15).
0
Let g(y) = -1525*y + 1090369. Calculate g(715).
-6
Let c(i) = -286*i - 76356. What is c(-263)?
-1138
Let p(w) = 5*w**3 - 279*w**2 + 739*w + 143. Determine p(53).
-16
Let x(t) = -t**3 - 54*t**2 + 52*t - 104. Determine x(-55).
61
Let j(p) = -2*p**2 - 18*p - 1514. Determine j(-25).
-2314
Let c(j) = -j**2 - 766*j + 310290. Determine c(293).
3
Let x(o) = -40*o**3 - 41*o**2 - 126*o - 125. Determine x(-1).
0
Let c(z) = z**3 + 968*z**2 - 27881*z - 207. Give c(28).
-11
Let x(b) = b**2 - 180*b + 8278. What is x(98)?
242
Let s(u) = 5*u**2 + 169*u + 1202. Give s(-32).
914
Let r(z) = 24985*z + 99374. Give r(-4).
-566
Let r(p) = -2*p**2 + 1596*p - 227665. Determine r(612).
-1
Let w(y) = -7*y**3 + 44*y**2 - 27*y - 14. What is w(8)?
-998
Let n(x) = x**2 + 60*x - 813. What is n(-73)?
136
Let z(j) = -23856*j - 2480946. Give z(-104).
78
Let l(x) = x**2 - 40*x - 2985. Give l(76).
-249
Let n(a) = 2*a**2 - 156*a - 939. Calculate n(84).
69
Let r(v) = -4*v**2 - 12143*v + 232142. Determine r(19).
-19
Let q(j) = -10735*j + 10069436. Calculate q(938).
6
Let x(d) = 499*d - 42768. What is x(84)?
-852
Let y(n) = n**3 + 4*n**2 + 187*n - 602. Give y(3).
22
Let f(w) = -89*w**2 - 10377*w - 289017. Give f(-46).
1
Let l(g) = -3*g**2 - 490*g + 61007. Determine l(-246).
-1
Let w(t) = -8*t**2 + 175*t + 184. Give w(29).
-1469
Let g(t) = 72862*t + 2040097. What is g(-28)?
-39
Let u(k) = -k**2 - 355*k - 7725. What is u(-23)?
-89
Let a(n) = -62*n - 1867. Calculate a(-30).
-7
Let k(c) = 384*c**2 + 2742*c + 444. Determine k(-7).
66
Let x(d) = d**3 - 494*d**2 - 13012*d - 878. Calculate x(-25).
47
Let f(d) = -2*d**3 + 13*d**2 + 204*d + 74. What is f(-9)?
749
Let z(h) = -3*h**2 - 1199*h + 14821. What is z(12)?
1
Let q(h) = 1637*h + 148818. Determine q(-91).
-149
Let m(d) = -d**3 + 34*d**2 - 281*d + 1424. Calculate m(25).
24
Let h(x) = -111*x - 7985. Calculate h(-71).
-104
Let k(o) = -9*o**3 + 188*o**2 + 695*o - 549. Calculate k(24).
3
Let t(a) = -3683*a + 147329. Calculate t(40).
9
Let n(g) = 4*g**3 + 51*g**2 - 21*g - 97. Calculate n(-13).
7
Let z(n) = -n**3 + 219*n**2 + 1573*n - 63. What is z(-7)?
0
Let n(f) = -4*f**3 - 27*f**2 + 27387*f + 191664. Calculate n(-7).
4
Let b(r) = -2*r**3 - 448*r**2 + 23106*r - 6167. What is b(43)?
25
Let u(o) = -12799*o - 128012. Give u(-10).
-22
Let w(h) = 6489*h + 350312. What is w(-54)?
-94
Let u(m) = 9*m**3 - 276*m**2 - 90*m - 103. What is u(31)?
-10
Let q(p) = -4*p**3 - 23*p**2 + 309*p + 1974. Determine q(-7).
56
Let u(s) = -301716*s + 2715528. Give u(9).
84
Let u(t) = -t**3 - 80*t**2 + 56*t + 2548. Calculate u(-81).
4573
Let y(b) = 22*b**3 + 4446*b**2 + 406*b + 219. Calculate y(-202).
-185
Let r(u) = -33818*u - 1251213. Calculate r(-37).
53
Let i(v) = -4*v**3 + 3*v**2 + 153*v + 1397. Determine i(-8).
2413
Let k(v) = 6619*v - 26354. Determine k(4).
122
Let g(w) = w**2 + 28*w + 146. Calculate g(-37).
479
Let r(g) = -145240*g - 1597644. Give r(-11).
-4
Let z(n) = 23*n**2 - 14*n + 83. What is z(6)?
827
Let t(f) = -5*f**3 + 43*f**2 - 185*f + 1794. Give t(9).
-33
Let q(d) = -d**3 - 542*d**2 + 2179*d + 20. Determine q(4).
0
Let g(i) = 1034146*i + 37229244. Determine g(-36).
-12
Let z(m) = -15*m**2 + 2*m - 1756. Give z(0).
-1756
Let f(v) = v**3 + 37*v**2 + 25*v - 1734. Determine f(-35).
-159
Let v(n) = -25517*n - 765494. What is v(-30)?
16
Let b(t) = -49*t**2 + 701*t + 4. What is b(15)?
-506
Let j(y) = 3*y**3 + 1165*y**2 - 797*y - 7008. Give j(-389).
383
Let m(k) = 9371*k + 281083. Give m(-30).
-47
Let f(j) = j**2 + 25*j - 2064. Determine f(21).
-1098
Let p(s) = -s**3 - 8*s**2 + 51*s - 146. Calculate p(5).
-216
Let f(m) = 31*m**2 + 49*m - 33. What is f(-2)?
-7
Let i(o) = -29*o**2 - 66*o - 200. Give i(-3).
-263
Let u(m) = m**3 + 77*m**2 - 230*m + 966. What is u(-80)?
166
Let y(u) = -2*u**3 + 5*u**2 + 1053*u - 150. Determine y(-22).
400
Let k(w) = -304*w - 1803. What is k(-6)?
21
Let l(s) = s**3 + 231*s**2 + 1665*s + 70865. Give l(-225).
-10
Let l(i) = 565*i + 272343. Calculate l(-482).
13
Let f(a) = -a**3 - 140*a**2 + 506*a + 71008. What is f(-140)?
168
Let z(d) = -6*d**3 + 18*d**2 + 24*d - 21. Determine z(-5).
1059
Let h(s) = 41*s**3 - 11355*s**2 - 549*s - 1399. What is h(277)?
-14
Let k(l) = 82*l**2 + 8919*l - 2100. Calculate k(-109).
-29
Let c(d) = -d**2 - 18344*d - 146698. Give c(-8).
-10
Let f(r) = -32*r + 482. What is f(-8)?
738
Let j(h) = -4*h**2 - 346*h - 9300. Give j(-33).
-2238
Let b(x) = -x**2 - 1259*x - 266274. Calculate b(-269).
36
Let v(r) = 10148*r - 10205. What is v(1)?
-57
Let o(h) = h**3 - 43*h**2 + 152*h + 575. Determine o(6).
155
Let s(b) = -b**2 - 460*b + 3341. Determine s(7).
72
Let n(a) = 53333*a - 16106565. Give n(302).
1
Let o(x) = -12292*x + 26. Give o(0).
26
Let i(w) = w**3 - 12*w**2 - 188*w + 14. What is i(21)?
35
Let f(l) = 4*l**2 + 100*l - 49. Determine f(-17).
-593
Let k(q) = 2156*q + 2154. Determine k(-1).
-2
Let a(y) = -3700*y + 40544. Determine a(11).
-156
Let a(m) = m**2 - 230*m - 9968. Give a(268).
216
Let n(f) = -264*f + 34250. Calculate n(140).
-2710
Let y(d) = 156863*d - 3294131. Calculate y(21).
-8
Let l(m) = 57580*m + 403058. Give l(-7).
-2
Let x(u) = -1721932*u + 8609650. Calculate x(5).
-10
Let i(w) = -395*w + 26153. What is i(67)?
-312
Let q(p) = -8*p**2 + 751*p - 2184. What is q(3)?
-3
Let l(x) = -76*x - 951. Determine l(5).
-1331
Let d(u) = u**2 - 965*u - 28286. Determine d(-30).
1564
Let z(f) = 309*f**2 - 4563*f + 39. Give z(15).
1119
Let w(k) = 234*k - 8079. Determine w(32).
-591
Let i(t) = -160*t**3 - 3679*t**2 + 42*t + 614. Give i(-23).
177
Let l(c) = -62*c**2 + 1218*c - 3885. Calculate l(4).
-5
Let b(r) = 24*r**3 + 130*r**2 + 28*r + 149. Calculate b(-5).
259
Let j(f) = -64*f**2 + 1696*f - 97. Give j(26).
735
Let y(d) = -2*d**3 - 4*d**2 - 4071*d - 28990. What is y(-7)?
-3
Let w(f) = -92*f**2 + 939*f - 46. Give w(10).
144
Let n(l) = -2*l**2 - 337*l + 10511. Determine n(32).
-2321
Let z(v) = 13188*v + 131950. What is z(-10)?
70
Let x(c) = -c**2 - 204424*c - 2044156. Determine x(-10).
-16
Let w(v) = 6*v**3 - 79*v**2 + 18*v - 22. Calculate w(9).
-1885
Let l(z) = -z**2 - 1147*z - 149541. What is l(-150)?
9
Let o(p) = 22436*p + 381418. Calculate o(-17).
6
Let q(t) = 78*t**2 + 1433*t + 501. Calculate q(-18).
-21
Let d(j) = -j**3 - 49*j**2 - 546*j - 120. Give d(-18).
-336
Let g(i) = -i**3 - 31*i**2 - 145*i - 9966. Give g(-35).
9
Let f(u) = 5*u**2 + 2489*u - 162107. What is f(-556)?
-311
Let b(r) = -3*r**2 - 493*r - 11072. Give b(-130).
2318
Let z(u) = -32803*u + 623273. Determine z(19).
16
Let x(t) = 113*t**3 - 26*t**2 + 35*t + 61. What is x(-1)?
-113
Let h(y) = -y**3 + y**2 - 3006*y + 15150. Determine h(5).
20
Let t(l) = 7*l**2 + 3918*l - 15790. What is t(4)?
-6
Let t(p) = p**3 + 36*p**2 - 23392*p + 2. Calculate t(-172).
2
Let p(x) = x**2 - 419*x + 45314. Calculate p(200).
1514
Let l(d) = -d**2 + 45723*d - 3970328. Give l(87).
4
Let h(d) = -4*d**3 - 203*d**2 - 551*d - 1077. What is h(-48)?
27
Let q(u) = 10190*u - 6837485. Give q(671).
5
Let w(u) = -271*u - 2314. Calculate w(-10).
396
Let f(q) = 21*q**3 + 71*q**2 + 282*q - 1. Determine f(-4).
-1337
Let z(o) = 35508*o - 4864602. Calculate z(137).
-6
Let j(z) = 14*z**3 + 30*z**2 + 83*z - 162. What is j(-5)?
-1577
Let i(c) = 136066*c + 7075452. What is i(-52)?
20
Let k(x) = -x**3 - x**2 - 31*x + 1446. Give k(0).
1446
Let u(w) = 1139612*w + 4558497. Calculate u(-4).
49
Let w(y) = y**3 + 108*y**2 - 566*y - 269. Calculate w(-113).
-156
Let n(u) = u**3 + 85308*u**2 - 426549*u - 74. Cal